 ((-275)/20)/(d/104).
5, 11, 13
Suppose 0 = -0*m + 7*m + 5759 - 57965. List the prime factors of m.
2, 3, 11, 113
Let t(n) = 8*n**3 + 4*n**2 - 116*n + 70. List the prime factors of t(11).
2, 7, 709
Let q be (-26)/(-5) + (-2)/(-8 + 18). What are the prime factors of 80*(-7 + 61/q)?
2, 13
Let h = -1 - -4. Let o be (33/(-99))/(-1*3/27). Suppose -o*l + 101 = -4*u, 3*l + 6*u - 108 = h*u. List the prime factors of l.
5, 7
Let i = 26650 - 11238. List the prime factors of i.
2, 3853
Let k be 8/(-10)*(0 + 1 - -4). Let y be (k/(-3))/(5/(-15)). List the prime factors of 67 + -2*((-8)/2)/y.
5, 13
Let c = 57 + -57. Suppose -o + 3 + 0 = c. Let l(p) = 7*p**3 - 5*p**2 - 2*p + 1. What are the prime factors of l(o)?
139
List the prime factors of 9273 + (24 - (6 + 9)).
2, 3, 7, 13, 17
Let x = 21914 + -13031. What are the prime factors of x?
3, 7, 47
Suppose -3*i - 3*l = 0, 4*i + 3*l = 2*l + 6. Suppose 3*x = 9, -i*f + x + x - 4 = 0. List the prime factors of 362/f*(-9)/(-18).
181
Let k(t) = -8 + 6*t**2 - 3*t + 5 + 20. Let r be k(-6). Suppose 3*s - 4*n = r, -2*s - n + 102 = -58. List the prime factors of s.
3
Let w = -9 + 1. Let v be w/3*(-6 - (-15)/2). List the prime factors of (206 - 12)*(-2)/v.
97
Let n(h) = -2 - 8 + 568*h - 13 + 0. List the prime factors of n(1).
5, 109
Suppose 0 = c - 115 - 215. Suppose 4*m - c = 150. Suppose 5*f - 2*i - m + 2 = 0, f - 19 = 5*i. What are the prime factors of f?
2, 3
Suppose -4*g + 51*i = 50*i, -1 = -5*g + i. Let q(w) be the third derivative of 5*w**4/6 + w**3/3 - 4*w**2. List the prime factors of q(g).
2, 11
Suppose -q = h + 5 - 3, 6 = -4*h - 3*q. Suppose h = -2*t - 3*k + 369, 4*t + t - k = 880. Suppose 4*g - 263 = t. List the prime factors of g.
2, 5, 11
Let q(z) = 6*z**2 - 19*z + 193. Let v be -1 - -4 - 70/(-14). What are the prime factors of q(v)?
5, 17
Let s(l) = -2*l**3 + 28*l**2 - l + 17. Let o be s(14). Suppose -40 = -4*b - w, -o*b - 5*w + 13 = -0. Suppose h = b*h - 2290. What are the prime factors of h?
229
Let u be 271/(4 - 1 - 56/18). Let i = -982 - u. List the prime factors of i.
31, 47
Let i(r) = -58*r**3 - 6*r**2 - 3*r - 8. List the prime factors of i(-2).
2, 3, 73
Let u = -39 + 52. Let l = u - 15. What are the prime factors of -22*((126/(-4))/7 - l)?
5, 11
Let z = 34 - 42. Let d(l) = -l**2 - 10*l - 22. Let j be d(z). Let i = j - -20. What are the prime factors of i?
2, 7
Let g be (-21)/9*(-291)/1. Let m = 870 - g. List the prime factors of m.
191
Suppose 3*x - 4*t = -0*x - 13, t - 1 = 3*x. List the prime factors of (-77)/44*(-17 + -3)*x.
5, 7
Suppose -41*n + 10 = -39*n. Suppose 3*j + 10 = g - 9, 3*j + 131 = n*g. What are the prime factors of g?
2, 7
Suppose -3*l - 4 = 8, q = -4*l - 11. Suppose -2*i + 4095 = 3*j, -4*i = -8*j + q*j + 4095. List the prime factors of j.
3, 5, 7, 13
Let u(z) = -3*z - 22. Let a(s) = -2*s - 21. Let m(n) = -2*a(n) + 3*u(n). Let j be m(15). Let c = j - -109. What are the prime factors of c?
2, 5
List the prime factors of (-448)/440 + (-18)/(-15) + (-369066)/(-33).
2, 3, 233
Let b(q) = 3*q - 48. Let s(r) = 3*r**2 - 6*r - 7. Let i be s(-2). Let m be b(i). Let y(a) = -4*a + 28. What are the prime factors of y(m)?
2
Let w be (7/7)/(1/(-446)). Let a(f) = -83*f**3 + 3*f**2 - 7*f + 4. Let y be a(2). Let v = w - y. List the prime factors of v.
2, 3
Suppose 2*n + o = 252, o + 48 = 2*n - 204. Suppose 0 = -10*u + 13*u + n. Let b = u + 134. What are the prime factors of b?
2, 23
Let p(r) = -4*r - 21. Let x be p(-11). Let f(i) = -10*i + 1. Let g be f(x). Let k = g + 498. What are the prime factors of k?
269
Suppose -76*b = 342057 - 1171521. What are the prime factors of b?
2, 3, 17, 107
Suppose 0 = 74*u - 329985 - 182700 + 32869. What are the prime factors of u?
2, 1621
Suppose -5*t - 5*k = 135, -3*k + 8*k = -4*t - 112. Let p be t/46*(-15 + 1). What are the prime factors of (1/(-3))/((21/(-1665))/p)?
5, 37
Let z(w) = w**2 - 11*w + 32433. List the prime factors of z(0).
3, 19, 569
Let k be ((-45)/(-6))/(-5)*-2. Let z be 9/((-135)/20)*k. List the prime factors of (-155)/(-2) - -1 - 2/z.
79
Let a(y) = -29*y - 48. Let c be a(-4). Suppose -l = -1, -3*h - 5*l + c = -0*l. What are the prime factors of h?
3, 7
Suppose -63*g + 6355 = 60*g - 122*g. What are the prime factors of g?
5, 31, 41
Suppose -4 = 5*s + 11. Let i be ((-202)/(-6))/(51/(-153)). Let k = s - i. List the prime factors of k.
2, 7
List the prime factors of -10700*5/10*-1.
2, 5, 107
Suppose -652*t + 631*t + 123102 = 0. What are the prime factors of t?
2, 3, 977
Let d(v) = -65*v**3 + 4*v**2 + 3*v - 30. List the prime factors of d(-6).
2, 3, 19, 31
Suppose -11*x - 3*q - 2183 = -6*x, x = -4*q - 440. Let s = x - -251. List the prime factors of (s/(-15))/((-5)/(-15)).
37
Suppose -21*t + 19*t - 12 = 0. What are the prime factors of (-64400)/(-60) + 2/t?
29, 37
Let g(j) = -17*j**2 + 1705*j - 68. What are the prime factors of g(82)?
2, 3, 157
Let t(n) = -46*n + 4. Let w be 10/15 + (-32)/(-6). Suppose 3*z - 6*z - w = 0. List the prime factors of t(z).
2, 3
Let j(f) = f**2 + 2*f. Let n be j(-3). Let b(a) = 4 + 5*a**3 - 3*a + 0*a**3 - 4*a**n - 10*a. What are the prime factors of b(5)?
2
Suppose 0 = o - 238 - 81. Let t = -130 + o. What are the prime factors of t?
3, 7
Let u(y) = -119*y**2 + 5*y - 12. Let v(w) = 358*w**2 - 14*w + 35. Let o(l) = 17*u(l) + 6*v(l). What are the prime factors of o(-2)?
2, 3, 7
Suppose 0 = -o - 2*b + 14, -23 = -o - o - 3*b. Suppose o*w + 40 = 12*w. Suppose -w*i - u = -i - 751, 4*i - 5*u - 733 = 0. What are the prime factors of i?
11, 17
Suppose 2*r + 4*y = 57078 - 4786, 3*r - 78430 = -4*y. List the prime factors of r.
2, 7, 1867
Let j = 53090 + -23844. What are the prime factors of j?
2, 7, 2089
Suppose 0 = -i + 3 + 11. Let z be (4/10 - i/35)/(-2). Suppose 2*s - 6*s + 132 = z. List the prime factors of s.
3, 11
Let y = 71 - 47. What are the prime factors of 791 + 19/((-76)/y)?
5, 157
Suppose 18*d - 3437 = 11*d. Suppose -83 + d = 4*a. Suppose -9*l + a + 87 = 0. What are the prime factors of l?
3, 7
Let i(d) = -d**2 - 24*d + 6198. List the prime factors of i(0).
2, 3, 1033
Suppose -m - 2934 = -2*w, 0 = 14*w - 13*w + m - 1473. What are the prime factors of w?
13, 113
Let m be (1 + 0)*(1 + -49). What are the prime factors of 3912/32*m/(-18)?
2, 163
Let a be 0 - 4 - (-6 + -4 + 6). List the prime factors of (a - 1 - 0)*(-1707)/3.
569
Let m(s) = s**3 + 3*s**2 - 1. Let i be m(-2). Let d be (1/((-8)/12))/(i/(-10)). Let t(v) = 2*v**2 + 7*v - 7. What are the prime factors of t(d)?
2, 3, 13
Let x = 2024 + -1303. What are the prime factors of x?
7, 103
Let y be 9/2*(12 + 56/(-7)). What are the prime factors of 960 - (1 + y/(-9))?
31
Suppose -2*w + 1157*j + 25756 = 1152*j, 4*j = 4*w - 51536. What are the prime factors of w?
2, 3, 179
Let w = 3002 - 685. List the prime factors of w.
7, 331
Let x(b) = -b**3 - b**2 + 30. Let i be x(0). Suppose 0 = 2*u + i - 0. Let v(f) = -11*f - 1. What are the prime factors of v(u)?
2, 41
Suppose 11 = -4*o + 7. Let c be o/(-2)*(-8 + 8). Suppose 0 = 2*m + 3*z - 26, 4*m + z + z - 68 = c. List the prime factors of m.
19
Suppose -4*l - 4*g - 40 = 0, 3*g = 2*l + 6*g + 24. Let f be (-10)/4 + -2 + (-15)/l. What are the prime factors of f - ((-1370)/5)/2?
3, 5
Let n = 45 - 46. Let f be (6 + (4 - 5))*(2 + n). Let v(h) = -h**3 + 3*h**2 + 9*h + 12. List the prime factors of v(f).
7
Suppose -7*a + 2050 = -2*a. Suppose -9*n - 394 = -u - 4*n, 3*n - a = -u. What are the prime factors of u?
2, 101
Let s(i) = -i**2 + 12*i + 3. Suppose 0 = 2*n - 10*n - 24. Let u = n + 13. List the prime factors of s(u).
23
Let b(m) = 2*m**2 + 7*m - 10. Let f be b(-14). Suppose 2*a + 4 = -g + 88, -5*a = -4*g + f. List the prime factors of g.
2, 19
Let c(t) = -t**2 + 36. Let d be c(6). What are the prime factors of -4 + 0 + d - -471?
467
Suppose -9*f + 3*f = 60. List the prime factors of (197 - 0) + f/5.
3, 5, 13
Let y(t) = -5*t + 17. Let r be y(-9). Let s = r + -81. Let z = s + 88. List the prime factors of z.
3, 23
Let n be ((-89)/((-1)/1))/((-15)/105). Let t = -380 - n. List the prime factors of t.
3
Let l = -73 + 247. Suppose 12*r + l = 10*r. Let u = -45 - r. List the prime factors of u.
2, 3, 7
Let l(m) = -14*m - 20. Let t be (-5)/2*(-24)/30 + 42. Let p be (t/(-8))/(1*1/2). List the prime factors of l(p).
2, 67
Suppose 159*q - 3505656 + 5